?
3, 5, 541, 751
What are the prime factors of 31760751?
3, 11, 962447
What are the prime factors of 757889?
11, 68899
What are the prime factors of 233762?
2, 116881
List the prime factors of 592772.
2, 148193
What are the prime factors of 43017?
3, 13, 1103
What are the prime factors of 3904810?
2, 5, 7, 13, 613
What are the prime factors of 10660156?
2, 13, 17, 31, 389
What are the prime factors of 2600225?
5, 104009
List the prime factors of 750843.
3, 27809
List the prime factors of 10713448.
2, 859, 1559
List the prime factors of 224206.
2, 112103
What are the prime factors of 19866234?
2, 3, 17, 194767
What are the prime factors of 188065?
5, 29, 1297
List the prime factors of 61496.
2, 7687
What are the prime factors of 9801606?
2, 3, 19, 127, 677
What are the prime factors of 2571474?
2, 3, 428579
What are the prime factors of 4700898?
2, 3, 179, 1459
What are the prime factors of 502042?
2, 283, 887
What are the prime factors of 3885670?
2, 5, 388567
List the prime factors of 8899870.
2, 5, 7, 41, 443
List the prime factors of 2184213.
3, 281, 2591
What are the prime factors of 1014191?
167, 6073
List the prime factors of 15004.
2, 11, 31
What are the prime factors of 941598?
2, 3, 7, 47, 53
What are the prime factors of 660698?
2, 23, 53, 271
What are the prime factors of 326334?
2, 3, 137, 397
What are the prime factors of 936554?
2, 468277
List the prime factors of 8266395.
3, 5, 551093
List the prime factors of 180379.
180379
List the prime factors of 10301740.
2, 5, 515087
What are the prime factors of 4113711?
3, 7, 17, 23, 167
List the prime factors of 188824.
2, 23603
What are the prime factors of 153440?
2, 5, 7, 137
What are the prime factors of 197968?
2, 12373
What are the prime factors of 311827?
311827
What are the prime factors of 505807?
59, 8573
What are the prime factors of 216670?
2, 5, 47, 461
What are the prime factors of 733657?
467, 1571
List the prime factors of 260605.
5, 52121
List the prime factors of 6330894.
2, 3, 139, 7591
List the prime factors of 268671.
3, 13, 83
List the prime factors of 450081.
3, 43, 1163
List the prime factors of 8371.
11, 761
What are the prime factors of 8179999?
401, 20399
What are the prime factors of 8532000?
2, 3, 5, 79
What are the prime factors of 140362?
2, 70181
What are the prime factors of 2237405?
5, 447481
List the prime factors of 3964372.
2, 23, 41, 1051
List the prime factors of 1752718.
2, 11, 79669
What are the prime factors of 252386?
2, 53, 2381
List the prime factors of 4774461.
3, 1591487
List the prime factors of 5300102.
2, 37, 67, 1069
List the prime factors of 295316.
2, 7, 53, 199
What are the prime factors of 217829?
217829
List the prime factors of 225586.
2, 149, 757
List the prime factors of 607604.
2, 151901
What are the prime factors of 146384?
2, 7, 1307
What are the prime factors of 5517834?
2, 3, 7, 79, 1663
What are the prime factors of 429268?
2, 7, 15331
What are the prime factors of 451235?
5, 90247
What are the prime factors of 7242300?
2, 3, 5, 13, 619
What are the prime factors of 170481?
3, 56827
What are the prime factors of 1451556?
2, 3, 61, 661
List the prime factors of 13632.
2, 3, 71
What are the prime factors of 4785529?
7, 53, 12899
What are the prime factors of 18954467?
7, 2707781
What are the prime factors of 375535?
5, 19, 59, 67
List the prime factors of 6003486.
2, 3, 59, 5653
What are the prime factors of 4684347?
3, 277, 1879
List the prime factors of 340756.
2, 13, 6553
List the prime factors of 5137339.
37, 43, 3229
What are the prime factors of 5261820?
2, 3, 5, 87697
List the prime factors of 122340.
2, 3, 5, 2039
List the prime factors of 1187660.
2, 5, 43, 1381
List the prime factors of 724655.
5, 144931
What are the prime factors of 1132728?
2, 3, 109, 433
List the prime factors of 270290.
2, 5, 151, 179
What are the prime factors of 17759620?
2, 5, 313, 2837
What are the prime factors of 451961?
451961
List the prime factors of 2302013.
7, 47, 6997
List the prime factors of 5532896.
2, 43, 4021
What are the prime factors of 3407599?
13, 17, 907
What are the prime factors of 198789?
3, 23, 43, 67
What are the prime factors of 6268202?
2, 47, 66683
List the prime factors of 711234.
2, 3, 13171
What are the prime factors of 75123?
3, 17, 491
List the prime factors of 3600446.
2, 67, 97, 277
What are the prime factors of 32827?
17, 1931
List the prime factors of 739462.
2, 369731
What are the prime factors of 13954147?
1759, 7933
List the prime factors of 26559355.
5, 17, 271, 1153
What are the prime factors of 4754398?
2, 11, 197, 1097
List the prime factors of 7436526.
2, 3, 1239421
List the prime factors of 11714200.
2, 5, 37, 1583
What are the prime factors of 2623310?
2, 5, 262331
What are the prime factors of 2298256?
2, 379
List the prime factors of 483484.
2, 120871
What are the prime factors of 1989537?
3, 11, 60289
List the prime factors of 6085054.
2, 19, 79, 2027
List the prime factors of 530352.
2, 3, 29, 127
List the prime factors of 17711151.
3, 47, 59, 2129
What are the prime factors of 421809?
3, 140603
List the prime factors of 11496422.
2, 7, 821173
List the prime factors of 536144.
2, 7, 4787
List the prime factors of 150458.
2, 7, 11, 977
What are the prime factors of 446749?
191, 2339
List the prime factors of 2727364.
2, 681841
List the prime factors of 263012.
2, 47, 1399
List the prime factors of 1315733.
31, 42443
List the prime factors of 36284.
2, 47, 193
What are the prime factors of 1388928?
2, 3, 3617
What are the prime factors of 1186662?
2, 3, 23, 8599
What are the prime factors of 8284822?
2, 7, 13, 929
List the prime factors of 4365894.
2, 3, 13, 223, 251
What are the prime factors of 141991?
141991
List the prime factors of 2802359.
7, 57191
What are the prime factors of 767?
13, 59
List the prime factors of 7066563.
3, 7, 336503
What are the prime factors of 36717314?
2, 17, 241, 4481
What are the prime factors of 2189191?
223, 9817
List the prime factors of 779079.
3, 7, 23, 1613
What are the prime factors of 1360538?
2, 79, 109
List the prime factors of 4225741.
13, 17, 19121
What are the prime factors of 1902487?
17, 29, 227
List the prime factors of 2081682.
2, 3, 109, 1061
List the prime factors of 3092291.
3092291
List the prime factors of 161630.
2, 5, 7, 2309
List the prime factors of 184903.
184903
What are the prime factors of 401534?
2, 7, 23, 29, 43
List the prime factors of 816146.
2, 37, 41, 269
What are the prime factors of 127347?
3, 11, 17, 227
What are the prime factors of 13094238?
2, 3, 211, 10343
List the prime factors of 590162.
2, 295081
List the prime factors of 5071591.
7, 724513
List the prime factors of 21211692.
2, 3, 1767641
What are the prime factors of 2349779?
2349779
List the prime factors of 657322.
2, 17, 19333
What are the prime factors of 98186?
2, 11, 4463
List the prime factors of 2120665.
5, 17, 61, 409
List the prime factors of 231913.
11, 29, 727
What are the prime factors of 32873209?
32873209
What are the prime factors of 56545?
5, 43, 263
List the prime factors of 187665.
3, 5, 12511
List the prime factors of 5832028.
2, 97, 15031
What are the prime factors of 673318?
2, 61, 5519
What are the prime factors of 81604?
2, 23, 887
What are the prime factors of 5120242?
2, 97, 26393
List the prime factors of 5478928.
2, 7, 13, 53, 71
List the prime factors of 45856.
2, 1433
What are the prime factors of 32592097?
97, 277, 1213
What are the prime factors of 1243462?
2, 11, 29, 1949
List the prime factors of 564840.
2, 3, 5, 523
List the prime factors of 298819.
298819
List the prime factors of 303908.
2, 11, 6907
What are the prime factors of 952289?
13, 17, 31, 139
List the prime factors of 151770.
2, 3, 5, 5059
What are the prime factors of 185612?
2, 7, 947
List the prime factors of 4328637.
3, 19, 75941
List the prime factors of 107287.
17, 6311
What are the prime factors of 2492648?
2, 19, 23, 31
List the prime factors of 930097.
7, 23, 53, 109
List the prime factors of 7395454.
2, 11, 336157
What are the prime factors of 421474?
2, 83, 2539
List the prime factors of 4875963.
3, 1625321
What are the prime factors of 4922171?
73, 67427
What are the prime factors of 7761847?
7761847
What are the prime factors of 34992?
2, 3
List the p